55504.
2, 701, 3919
What are the prime factors of 2523088777?
11, 101, 181, 12547
What are the prime factors of 564549633?
3, 421, 148997
What are the prime factors of 85786645?
5, 7, 179, 13693
What are the prime factors of 644273573?
457, 1409789
What are the prime factors of 64204723?
11, 127, 45959
What are the prime factors of 560510610?
2, 3, 5, 11, 67, 101, 251
What are the prime factors of 864558448?
2, 13, 4156531
List the prime factors of 504118661.
1019, 494719
What are the prime factors of 679123061?
19, 1433, 24943
List the prime factors of 2029204463.
11, 13, 23, 47459
What are the prime factors of 1542825701?
17, 31, 881, 3323
List the prime factors of 858606436.
2, 73, 179, 16427
What are the prime factors of 7251412?
2, 7, 36997
List the prime factors of 264261075.
3, 5, 13, 20849
List the prime factors of 7458162.
2, 3, 29, 42863
List the prime factors of 1199731303.
89, 223, 60449
List the prime factors of 75225816.
2, 3, 17, 41, 1499
What are the prime factors of 61440694?
2, 7, 157, 27953
What are the prime factors of 34741935?
3, 5, 197, 3919
List the prime factors of 168017499.
3, 13, 107, 13421
What are the prime factors of 132168047?
11, 17, 19, 37199
List the prime factors of 1343621375.
5, 31, 269, 1289
List the prime factors of 187141584.
2, 3, 7, 251, 317
What are the prime factors of 308083599?
3, 34231511
What are the prime factors of 38598766?
2, 19, 89, 101, 113
What are the prime factors of 28145011?
167, 168533
What are the prime factors of 22259465?
5, 4451893
What are the prime factors of 36885385?
5, 7377077
What are the prime factors of 5861079?
3, 7, 10337
What are the prime factors of 65995424?
2, 11, 313, 599
What are the prime factors of 1616319993?
3, 67, 571, 14083
What are the prime factors of 55779710?
2, 5, 7, 796853
List the prime factors of 1228556243.
157, 7825199
List the prime factors of 24911833.
47, 421, 1259
List the prime factors of 79266080.
2, 5, 495413
What are the prime factors of 272007?
3, 30223
What are the prime factors of 3804584?
2, 7, 67939
List the prime factors of 1422313842.
2, 3, 237052307
List the prime factors of 57409870.
2, 5, 7, 117163
What are the prime factors of 37154578?
2, 1693, 10973
List the prime factors of 397199707.
397199707
What are the prime factors of 2190218428?
2, 53, 10331219
What are the prime factors of 492185567?
12373, 39779
What are the prime factors of 15462356?
2, 7, 13, 107, 397
List the prime factors of 147596202.
2, 3, 13, 53, 3967
List the prime factors of 152017640.
2, 5, 67, 131, 433
List the prime factors of 39678671.
39678671
List the prime factors of 1565051863.
37, 101, 418799
What are the prime factors of 188325859?
1187, 158657
What are the prime factors of 263148053?
7, 37592579
What are the prime factors of 233265646?
2, 41, 69383
What are the prime factors of 403463615?
5, 67, 1204369
List the prime factors of 3288154734.
2, 3, 29, 6299147
What are the prime factors of 2170599064?
2, 19, 43, 332099
What are the prime factors of 68456382?
2, 3, 17, 671141
What are the prime factors of 234024943?
107, 2187149
What are the prime factors of 2719829919?
3, 31, 193, 151531
What are the prime factors of 1164148644?
2, 3, 17, 61, 5503
What are the prime factors of 57420302?
2, 28710151
List the prime factors of 2107595.
5, 7, 60217
What are the prime factors of 2891712860?
2, 5, 31, 53, 88001
What are the prime factors of 39850035?
3, 5, 31, 43, 1993
List the prime factors of 436238884.
2, 23, 4741727
What are the prime factors of 44170526?
2, 37, 596899
List the prime factors of 8072018125.
5, 191, 67619
List the prime factors of 405152644.
2, 13, 223, 34939
List the prime factors of 1103875304.
2, 7, 113, 174443
What are the prime factors of 8168592?
2, 3, 170179
What are the prime factors of 45424341?
3, 1682383
What are the prime factors of 44053654?
2, 71, 310237
List the prime factors of 392116863.
3, 179, 730199
What are the prime factors of 1499946774?
2, 3, 37, 607, 11131
List the prime factors of 3677151007.
3677151007
What are the prime factors of 1615576080?
2, 3, 5, 19, 29, 643
List the prime factors of 503869354.
2, 251934677
List the prime factors of 1676447177.
8933, 187669
List the prime factors of 21528934.
2, 7, 219683
List the prime factors of 242771939.
73, 3325643
List the prime factors of 67987521.
3, 7, 47, 22961
What are the prime factors of 13474949?
97, 138917
List the prime factors of 1953600324.
2, 3, 13, 2939, 4261
What are the prime factors of 2750255082?
2, 3, 109, 1401761
What are the prime factors of 224917279?
71, 3167849
What are the prime factors of 6111986610?
2, 3, 5, 14009, 14543
What are the prime factors of 816325265?
5, 7, 37, 739, 853
List the prime factors of 960178248.
2, 3, 283, 47123
What are the prime factors of 4281083369?
4281083369
List the prime factors of 293497061.
11, 13, 17, 37, 251
List the prime factors of 51605509.
5113, 10093
What are the prime factors of 4025480021?
113, 2089, 17053
List the prime factors of 60008532.
2, 3, 821, 6091
What are the prime factors of 1513214845?
5, 109, 2776541
List the prime factors of 220062498.
2, 3, 29, 41, 109, 283
What are the prime factors of 5624923?
313, 17971
What are the prime factors of 73988322?
2, 3, 12331387
List the prime factors of 1588167880.
2, 5, 13, 17, 179657
What are the prime factors of 1342148962?
2, 7, 11, 61, 142873
What are the prime factors of 688167941?
29, 193, 122953
List the prime factors of 2230986693.
3, 13, 937, 61051
What are the prime factors of 58630460?
2, 5, 7, 29, 2063
List the prime factors of 3011033395.
5, 313, 1923983
What are the prime factors of 601625990?
2, 5, 7, 31, 277247
What are the prime factors of 1327290841?
1061, 1250981
List the prime factors of 108142695.
3, 5, 17, 113, 139
List the prime factors of 298266271.
61, 4889611
What are the prime factors of 4346180017?
3767, 1153751
List the prime factors of 58185250.
2, 5, 232741
What are the prime factors of 59769922?
2, 31, 919, 1049
What are the prime factors of 78785386?
2, 251, 156943
List the prime factors of 71967430.
2, 5, 31, 232153
What are the prime factors of 165180896?
2, 31, 73, 2281
What are the prime factors of 208005898?
2, 857, 121357
What are the prime factors of 2978686329?
3, 992895443
List the prime factors of 265783673.
131, 167, 12149
List the prime factors of 1406879313.
3, 7, 263, 254731
List the prime factors of 2275972.
2, 19, 29947
List the prime factors of 729142406.
2, 8753, 41651
List the prime factors of 42255300.
2, 3, 5, 83, 1697
List the prime factors of 5729663.
17, 337039
What are the prime factors of 947750596?
2, 13, 157, 116089
What are the prime factors of 59711534?
2, 29855767
What are the prime factors of 1566997810?
2, 5, 7, 22385683
List the prime factors of 3016675008.
2, 3, 1745761
What are the prime factors of 207711070?
2, 5, 7, 43, 151, 457
What are the prime factors of 1285778330?
2, 5, 128577833
List the prime factors of 552034055.
5, 4073, 27107
List the prime factors of 486963536.
2, 30435221
List the prime factors of 560822845.
5, 11, 107, 233, 409
List the prime factors of 627205219.
19, 149, 221549
List the prime factors of 489039592.
2, 113, 347, 1559
What are the prime factors of 78701896?
2, 7, 13, 108107
What are the prime factors of 89092880?
2, 5, 241, 4621
What are the prime factors of 61297079?
3919, 15641
List the prime factors of 79105487.
23, 1409, 2441
What are the prime factors of 400854783?
3, 7, 19088323
What are the prime factors of 38534131?
23, 37, 45281
What are the prime factors of 172129577?
31, 127, 43721
What are the prime factors of 266469788?
2, 13, 5124419
List the prime factors of 2105167925.
5, 7, 12029531
List the prime factors of 137534143.
37, 3717139
List the prime factors of 181938732.
2, 3, 311, 48751
What are the prime factors of 414406544?
2, 1033, 25073
List the prime factors of 3335490513.
3, 281, 1318897
List the prime factors of 239591559.
3, 71, 281, 4003
List the prime factors of 28849755.
3, 5, 11, 53, 3299
What are the prime factors of 1517406527?
7, 13, 29, 101, 5693
List the prime factors of 94558912.
2, 7, 83, 2543
What are the prime factors of 1534665309?
3, 21157, 24179
What are the prime factors of 214845498?
2, 3, 7, 243589
What ar